{"id":106,"date":"2016-02-23T15:28:35","date_gmt":"2016-02-23T15:28:35","guid":{"rendered":"http:\/\/www.idene.mg.gov.br\/site\/agua-para-todos-projetos-pequenas-barragens\/"},"modified":"2016-02-23T15:28:35","modified_gmt":"2016-02-23T15:28:35","slug":"agua-para-todos-projetos-pequenas-barragens","status":"publish","type":"page","link":"http:\/\/www.idene.mg.gov.br\/site\/agua-para-todos-projetos-pequenas-barragens\/","title":{"rendered":"\u00c1gua para Todos &#8211; Projetos Pequenas Barragens"},"content":{"rendered":"<p>Projetos de Pequenas Barragens &#8211; Orienta\u00e7\u00f5es aos munic\u00edpios<\/p>\n<ul>\n<li><a href=\"https:\/\/drive.google.com\/file\/d\/0B0SLnZlDDjO9VjdFLTdxaDYxQzA\/view?usp=sharing\" _cke_saved_href=\"https:\/\/drive.google.com\/file\/d\/0B0SLnZlDDjO9VjdFLTdxaDYxQzA\/view?usp=sharing\">Barragem escavada<\/a><\/li>\n<li><a href=\"https:\/\/drive.google.com\/file\/d\/0B0SLnZlDDjO9dWtETnNMVW9XV3c\/view?usp=sharing\" _cke_saved_href=\"https:\/\/drive.google.com\/file\/d\/0B0SLnZlDDjO9dWtETnNMVW9XV3c\/view?usp=sharing\">Barragem planta assinada 01<\/a><\/li>\n<li><a href=\"https:\/\/drive.google.com\/file\/d\/0B0SLnZlDDjO9OUtqOGIzVnJEWHc\/view?usp=sharing\" _cke_saved_href=\"https:\/\/drive.google.com\/file\/d\/0B0SLnZlDDjO9OUtqOGIzVnJEWHc\/view?usp=sharing\">Barragem planta assinada 02<\/a><\/li>\n<li><a href=\"https:\/\/drive.google.com\/file\/d\/0B0SLnZlDDjO9WHJaVjk0Y1FrNms\/view?usp=sharing\" _cke_saved_href=\"https:\/\/drive.google.com\/file\/d\/0B0SLnZlDDjO9WHJaVjk0Y1FrNms\/view?usp=sharing\">Barragem planta assinada 03<\/a><\/li>\n<li><a href=\"https:\/\/drive.google.com\/file\/d\/0B0SLnZlDDjO9LXZTZWprTjc3eEk\/view?usp=sharing\" _cke_saved_href=\"https:\/\/drive.google.com\/file\/d\/0B0SLnZlDDjO9LXZTZWprTjc3eEk\/view?usp=sharing\">Corte do sangradouro do barramento<\/a><\/li>\n<li><a href=\"https:\/\/drive.google.com\/file\/d\/0B0SLnZlDDjO9ZkJsREJwVGN2X0k\/view?usp=sharing\" _cke_saved_href=\"https:\/\/drive.google.com\/file\/d\/0B0SLnZlDDjO9ZkJsREJwVGN2X0k\/view?usp=sharing\">Dados t\u00e9cnicos e dimensionamento<\/a><\/li>\n<li><a href=\"https:\/\/drive.google.com\/file\/d\/0B0SLnZlDDjO9V2w2NnJuOUpGb2s\/view?usp=sharing\" _cke_saved_href=\"https:\/\/drive.google.com\/file\/d\/0B0SLnZlDDjO9V2w2NnJuOUpGb2s\/view?usp=sharing\">Especifica\u00e7\u00f5es t\u00e9cnicas<\/a><\/li>\n<li><a href=\"https:\/\/drive.google.com\/file\/d\/0B0SLnZlDDjO9UjQzMXJvbzRWcWs\/view?usp=sharing\" _cke_saved_href=\"https:\/\/drive.google.com\/file\/d\/0B0SLnZlDDjO9UjQzMXJvbzRWcWs\/view?usp=sharing\">Estrutura do barramento<\/a><\/li>\n<li><a href=\"https:\/\/drive.google.com\/file\/d\/0B0SLnZlDDjO9bTg5cnAzaExSYlE\/view?usp=sharing\" _cke_saved_href=\"https:\/\/drive.google.com\/file\/d\/0B0SLnZlDDjO9bTg5cnAzaExSYlE\/view?usp=sharing\">Mem\u00f3ria de c\u00e1culo<\/a><\/li>\n<li><a href=\"https:\/\/drive.google.com\/file\/d\/0B0SLnZlDDjO9cHlpTnZCejFwbmc\/view?usp=sharing\" _cke_saved_href=\"https:\/\/drive.google.com\/file\/d\/0B0SLnZlDDjO9cHlpTnZCejFwbmc\/view?usp=sharing\">Rela\u00e7\u00f5es de locais para constru\u00e7\u00e3o de barragens enviado ao Idene<\/a><\/li>\n<\/ul>\n","protected":false},"excerpt":{"rendered":"<p>Projetos de Pequenas Barragens &ndash; Orienta&ccedil;&otilde;es aos munic&iacute;pios Barragem escavada Barragem planta assinada 01 Barragem planta assinada 02 Barragem planta assinada 03 Corte do sangradouro do barramento Dados t&eacute;cnicos e dimensionamento Especifica&ccedil;&otilde;es t&eacute;cnicas Estrutura do barramento Mem&oacute;ria de c&aacute;culo Rela&ccedil;&otilde;es de locais para constru&ccedil;&atilde;o de barragens enviado ao Idene<\/p>\n","protected":false},"author":1,"featured_media":0,"parent":0,"menu_order":0,"comment_status":"closed","ping_status":"closed","template":"","meta":{"kia_subtitle":"","_FSMCFIC_featured_image_caption":"","_FSMCFIC_featured_image_nocaption":"","_FSMCFIC_featured_image_hide":""},"_links":{"self":[{"href":"http:\/\/www.idene.mg.gov.br\/site\/wp-json\/wp\/v2\/pages\/106"}],"collection":[{"href":"http:\/\/www.idene.mg.gov.br\/site\/wp-json\/wp\/v2\/pages"}],"about":[{"href":"http:\/\/www.idene.mg.gov.br\/site\/wp-json\/wp\/v2\/types\/page"}],"author":[{"embeddable":true,"href":"http:\/\/www.idene.mg.gov.br\/site\/wp-json\/wp\/v2\/users\/1"}],"replies":[{"embeddable":true,"href":"http:\/\/www.idene.mg.gov.br\/site\/wp-json\/wp\/v2\/comments?post=106"}],"version-history":[{"count":1,"href":"http:\/\/www.idene.mg.gov.br\/site\/wp-json\/wp\/v2\/pages\/106\/revisions"}],"predecessor-version":[{"id":4758,"href":"http:\/\/www.idene.mg.gov.br\/site\/wp-json\/wp\/v2\/pages\/106\/revisions\/4758"}],"wp:attachment":[{"href":"http:\/\/www.idene.mg.gov.br\/site\/wp-json\/wp\/v2\/media?parent=106"}],"curies":[{"name":"wp","href":"https:\/\/api.w.org\/{rel}","templated":true}]}}