{"id":111,"date":"2020-09-21T12:57:55","date_gmt":"2020-09-21T12:57:55","guid":{"rendered":"http:\/\/www.idene.mg.gov.br\/site\/participacao-social\/"},"modified":"2026-01-30T16:44:33","modified_gmt":"2026-01-30T19:44:33","slug":"participacao-social","status":"publish","type":"page","link":"http:\/\/www.idene.mg.gov.br\/site\/participacao-social\/","title":{"rendered":"Participa\u00e7\u00e3o Social"},"content":{"rendered":"<p>Conhe\u00e7a os Conselhos de Pol\u00edticas P\u00fablicas do Estado de Minas Gerais. Acesse o <a href=\"https:\/\/portaldosconselhos.mg.gov.br\/\" target=\"_blank\" rel=\"noopener\">Portal dos Conselhos<\/a> e fa\u00e7a parte da constru\u00e7\u00e3o de pol\u00edticas p\u00fablicas de seu interesse.<\/p>\n","protected":false},"excerpt":{"rendered":"<p>Conhe&ccedil;a os Conselhos de Pol&iacute;ticas P&uacute;blicas do Estado de Minas Gerais. Acesse o Portal dos Conselhos e fa&ccedil;a parte da constru&ccedil;&atilde;o de pol&iacute;ticas p&uacute;blicas de seu interesse.<\/p>\n","protected":false},"author":1,"featured_media":0,"parent":0,"menu_order":0,"comment_status":"closed","ping_status":"closed","template":"","meta":{"kia_subtitle":"","_FSMCFIC_featured_image_caption":"","_FSMCFIC_featured_image_nocaption":"","_FSMCFIC_featured_image_hide":""},"_links":{"self":[{"href":"http:\/\/www.idene.mg.gov.br\/site\/wp-json\/wp\/v2\/pages\/111"}],"collection":[{"href":"http:\/\/www.idene.mg.gov.br\/site\/wp-json\/wp\/v2\/pages"}],"about":[{"href":"http:\/\/www.idene.mg.gov.br\/site\/wp-json\/wp\/v2\/types\/page"}],"author":[{"embeddable":true,"href":"http:\/\/www.idene.mg.gov.br\/site\/wp-json\/wp\/v2\/users\/1"}],"replies":[{"embeddable":true,"href":"http:\/\/www.idene.mg.gov.br\/site\/wp-json\/wp\/v2\/comments?post=111"}],"version-history":[{"count":2,"href":"http:\/\/www.idene.mg.gov.br\/site\/wp-json\/wp\/v2\/pages\/111\/revisions"}],"predecessor-version":[{"id":6116,"href":"http:\/\/www.idene.mg.gov.br\/site\/wp-json\/wp\/v2\/pages\/111\/revisions\/6116"}],"wp:attachment":[{"href":"http:\/\/www.idene.mg.gov.br\/site\/wp-json\/wp\/v2\/media?parent=111"}],"curies":[{"name":"wp","href":"https:\/\/api.w.org\/{rel}","templated":true}]}}