{"id":131,"date":"2019-07-29T00:00:00","date_gmt":"2019-07-29T00:00:00","guid":{"rendered":"http:\/\/www.idene.mg.gov.br\/site\/informacoes-classificadas-e-desclassificadas\/"},"modified":"2026-08-05T11:50:04","modified_gmt":"2026-08-05T14:50:04","slug":"informacoes-classificadas-e-desclassificadas","status":"publish","type":"page","link":"http:\/\/www.idene.mg.gov.br\/site\/informacoes-classificadas-e-desclassificadas\/","title":{"rendered":"Informa\u00e7\u00f5es Classificadas e Desclassificadas"},"content":{"rendered":"<p>O IDENE \u2013 Instituto de Desenvolvimento do Norte e Nordeste de Minas Gerais informa que, at\u00e9 04 de agosto de 2026, n\u00e3o possui informa\u00e7\u00f5es classificadas ou desclassificadas nos graus de sigilo reservado, secreto e ultrassecreto, nos termos do art. 23 da Lei Federal n\u00ba 12.527, de 18 de novembro de 2011 (Lei de Acesso \u00e0 Informa\u00e7\u00e3o).<\/p>\n<p>Para consultar a rela\u00e7\u00e3o completa das informa\u00e7\u00f5es classificadas e desclassificadas no \u00e2mbito do Estado de Minas Gerais, acesse o <a href=\"https:\/\/acessoainformacao.mg.gov.br\/sistema\/relatorios\/anual\/DownloadDados.aspx\" target=\"_blank\" rel=\"noopener\">Portal do e-SIC.<\/a><\/p>\n<p style=\"text-align: right;\">Data de atualiza\u00e7\u00e3o 04\/08\/2026<\/p>\n","protected":false},"excerpt":{"rendered":"<p>O IDENE &ndash; Instituto de Desenvolvimento do Norte e Nordeste de Minas Gerais informa que, at&eacute; 04 de agosto de 2026, n&atilde;o possui informa&ccedil;&otilde;es classificadas ou desclassificadas nos graus de sigilo reservado, secreto e ultrassecreto, nos termos do art. 23 da Lei Federal n&ordm; 12.527, de 18 de novembro de 2011 (Lei de Acesso &agrave; [&hellip;]<\/p>\n","protected":false},"author":1,"featured_media":0,"parent":0,"menu_order":0,"comment_status":"closed","ping_status":"closed","template":"","meta":{"kia_subtitle":"","_FSMCFIC_featured_image_caption":"","_FSMCFIC_featured_image_nocaption":"","_FSMCFIC_featured_image_hide":""},"_links":{"self":[{"href":"http:\/\/www.idene.mg.gov.br\/site\/wp-json\/wp\/v2\/pages\/131"}],"collection":[{"href":"http:\/\/www.idene.mg.gov.br\/site\/wp-json\/wp\/v2\/pages"}],"about":[{"href":"http:\/\/www.idene.mg.gov.br\/site\/wp-json\/wp\/v2\/types\/page"}],"author":[{"embeddable":true,"href":"http:\/\/www.idene.mg.gov.br\/site\/wp-json\/wp\/v2\/users\/1"}],"replies":[{"embeddable":true,"href":"http:\/\/www.idene.mg.gov.br\/site\/wp-json\/wp\/v2\/comments?post=131"}],"version-history":[{"count":13,"href":"http:\/\/www.idene.mg.gov.br\/site\/wp-json\/wp\/v2\/pages\/131\/revisions"}],"predecessor-version":[{"id":6533,"href":"http:\/\/www.idene.mg.gov.br\/site\/wp-json\/wp\/v2\/pages\/131\/revisions\/6533"}],"wp:attachment":[{"href":"http:\/\/www.idene.mg.gov.br\/site\/wp-json\/wp\/v2\/media?parent=131"}],"curies":[{"name":"wp","href":"https:\/\/api.w.org\/{rel}","templated":true}]}}

Informações Classificadas e Desclassificadas

<p>O IDENE – Instituto de Desenvolvimento do Norte e Nordeste de Minas Gerais informa que, até 04 de agosto de 2026, não possui informações classificadas ou desclassificadas nos graus de sigilo reservado, secreto e ultrassecreto, nos termos do art. 23 da Lei Federal nº 12.527, de 18 de novembro de 2011 (Lei de Acesso à Informação).</p>
<p>Para consultar a relação completa das informações classificadas e desclassificadas no âmbito do Estado de Minas Gerais, acesse o <a href="https://acessoainformacao.mg.gov.br/sistema/relatorios/anual/DownloadDados.aspx" target="_blank" rel="noopener">Portal do e-SIC.</a></p>
<p style="text-align: right;">Data de atualização 04/08/2026</p>
