{"id":30,"date":"2013-05-16T12:04:59","date_gmt":"2013-05-16T12:04:59","guid":{"rendered":"http:\/\/www.idene.mg.gov.br\/site\/transparencia\/"},"modified":"2023-07-10T12:59:25","modified_gmt":"2023-07-10T15:59:25","slug":"transparencia","status":"publish","type":"page","link":"http:\/\/www.idene.mg.gov.br\/site\/transparencia\/","title":{"rendered":"Transpar\u00eancia"},"content":{"rendered":"<p>A Lei de Acesso \u00e0 Informa\u00e7\u00e3o N\u00ba 12.527 de 2011 regulamenta o direito constitucional de acesso dos cidad\u00e3os \u00e0s informa\u00e7\u00f5es p\u00fablicas sendo aplic\u00e1vel aos tr\u00eas Poderes da Uni\u00e3o, dos Estados, do Distrito Federal e dos Munic\u00edpios com vig\u00eancia a partir do dia 16 de maio de 2012.<\/p>\n<p>O Portal da Transpar\u00eancia do Estado de Minas Gerais, por meio do endere\u00e7o eletr\u00f4nico\u00a0<a href=\"http:\/\/www.transparencia.mg.gov.br\" target=\"_blank\" rel=\"noopener\">www.transparencia.mg.gov.br<\/a>, possibilitar\u00e1 a qualquer cidad\u00e3o o acesso a informa\u00e7\u00f5es sobre o Poder Executivo do Estado de Minas Gerais requerido pela Lei.<\/p>\n<p>\u00c9 poss\u00edvel tamb\u00e9m, por meio do Fale Conosco do Portal da Transpar\u00eancia, solicitar informa\u00e7\u00f5es complementares \u00e0s disponibilizadas pelo Portal da Transpar\u00eancia.<\/p>\n","protected":false},"excerpt":{"rendered":"<p>A Lei de Acesso &agrave; Informa&ccedil;&atilde;o N&ordm; 12.527 de 2011 regulamenta o direito constitucional de acesso dos cidad&atilde;os &agrave;s informa&ccedil;&otilde;es p&uacute;blicas sendo aplic&aacute;vel aos tr&ecirc;s Poderes da Uni&atilde;o, dos Estados, do Distrito Federal e dos Munic&iacute;pios com vig&ecirc;ncia a partir do dia 16 de maio de 2012. O Portal da Transpar&ecirc;ncia do Estado de Minas [&hellip;]<\/p>\n","protected":false},"author":1,"featured_media":0,"parent":0,"menu_order":0,"comment_status":"closed","ping_status":"closed","template":"","meta":{"kia_subtitle":"","_FSMCFIC_featured_image_caption":"","_FSMCFIC_featured_image_nocaption":"","_FSMCFIC_featured_image_hide":""},"_links":{"self":[{"href":"http:\/\/www.idene.mg.gov.br\/site\/wp-json\/wp\/v2\/pages\/30"}],"collection":[{"href":"http:\/\/www.idene.mg.gov.br\/site\/wp-json\/wp\/v2\/pages"}],"about":[{"href":"http:\/\/www.idene.mg.gov.br\/site\/wp-json\/wp\/v2\/types\/page"}],"author":[{"embeddable":true,"href":"http:\/\/www.idene.mg.gov.br\/site\/wp-json\/wp\/v2\/users\/1"}],"replies":[{"embeddable":true,"href":"http:\/\/www.idene.mg.gov.br\/site\/wp-json\/wp\/v2\/comments?post=30"}],"version-history":[{"count":1,"href":"http:\/\/www.idene.mg.gov.br\/site\/wp-json\/wp\/v2\/pages\/30\/revisions"}],"predecessor-version":[{"id":5012,"href":"http:\/\/www.idene.mg.gov.br\/site\/wp-json\/wp\/v2\/pages\/30\/revisions\/5012"}],"wp:attachment":[{"href":"http:\/\/www.idene.mg.gov.br\/site\/wp-json\/wp\/v2\/media?parent=30"}],"curies":[{"name":"wp","href":"https:\/\/api.w.org\/{rel}","templated":true}]}}