{"id":35,"date":"2013-06-20T15:11:40","date_gmt":"2013-06-20T15:11:40","guid":{"rendered":"http:\/\/www.idene.mg.gov.br\/site\/acordo-de-resultados\/"},"modified":"2023-07-07T10:54:04","modified_gmt":"2023-07-07T13:54:04","slug":"acordo-de-resultados","status":"publish","type":"page","link":"http:\/\/www.idene.mg.gov.br\/site\/acordo-de-resultados\/","title":{"rendered":"Acordo de Resultados"},"content":{"rendered":"<p>O Acordo de Resultados (AR) \u00e9 um instrumento de contratualiza\u00e7\u00e3o de resultados celebrado entre dirigentes de \u00f3rg\u00e3os e entidades do Poder Executivo e as autoridades que sobre eles tenham poder hier\u00e1rquico ou de supervis\u00e3o, tendo como objetivo estabelecer metas, alinhadas ao planejamento estrat\u00e9gico do Governo, e medir o desempenho de cada \u00f3rg\u00e3o e entidade da Administra\u00e7\u00e3o P\u00fablica Estadual.<\/p>\n<p>O AR \u00e9 formalizado em duas etapas que representam um processo \u00fanico de estabelecimento de objetivos e metas para cada \u00f3rg\u00e3o e entidade da administra\u00e7\u00e3o p\u00fablica.<\/p>\n<p>Na 1\u00aa\u00a0Etapa do Acordo de Resultados s\u00e3o pactuados os grandes resultados a serem perseguidos pela Secretaria de Estado de Governo (Segov), visando \u00e0 viabiliza\u00e7\u00e3o da estrat\u00e9gia governamental expressa no Plano Mineiro de Desenvolvimento Integrado (PMDI).<\/p>\n<p>Na\u00a02\u00aa\u00a0Etapa do AR as equipes que comp\u00f5em a Segov se comprometem a alcan\u00e7ar metas que representam seu papel no alcance da Estrat\u00e9gia do Governo de Minas Gerais.<\/p>\n","protected":false},"excerpt":{"rendered":"<p>O Acordo de Resultados (AR) &eacute; um instrumento de contratualiza&ccedil;&atilde;o de resultados celebrado entre dirigentes de &oacute;rg&atilde;os e entidades do Poder Executivo e as autoridades que sobre eles tenham poder hier&aacute;rquico ou de supervis&atilde;o, tendo como objetivo estabelecer metas, alinhadas ao planejamento estrat&eacute;gico do Governo, e medir o desempenho de cada &oacute;rg&atilde;o e entidade da [&hellip;]<\/p>\n","protected":false},"author":1,"featured_media":0,"parent":0,"menu_order":0,"comment_status":"closed","ping_status":"closed","template":"","meta":{"kia_subtitle":"","_FSMCFIC_featured_image_caption":"","_FSMCFIC_featured_image_nocaption":"","_FSMCFIC_featured_image_hide":""},"_links":{"self":[{"href":"http:\/\/www.idene.mg.gov.br\/site\/wp-json\/wp\/v2\/pages\/35"}],"collection":[{"href":"http:\/\/www.idene.mg.gov.br\/site\/wp-json\/wp\/v2\/pages"}],"about":[{"href":"http:\/\/www.idene.mg.gov.br\/site\/wp-json\/wp\/v2\/types\/page"}],"author":[{"embeddable":true,"href":"http:\/\/www.idene.mg.gov.br\/site\/wp-json\/wp\/v2\/users\/1"}],"replies":[{"embeddable":true,"href":"http:\/\/www.idene.mg.gov.br\/site\/wp-json\/wp\/v2\/comments?post=35"}],"version-history":[{"count":2,"href":"http:\/\/www.idene.mg.gov.br\/site\/wp-json\/wp\/v2\/pages\/35\/revisions"}],"predecessor-version":[{"id":5069,"href":"http:\/\/www.idene.mg.gov.br\/site\/wp-json\/wp\/v2\/pages\/35\/revisions\/5069"}],"wp:attachment":[{"href":"http:\/\/www.idene.mg.gov.br\/site\/wp-json\/wp\/v2\/media?parent=35"}],"curies":[{"name":"wp","href":"https:\/\/api.w.org\/{rel}","templated":true}]}}