{"id":40,"date":"2013-06-27T13:54:57","date_gmt":"2013-06-27T13:54:57","guid":{"rendered":"http:\/\/www.idene.mg.gov.br\/site\/programas-e-acoes\/"},"modified":"2023-07-10T12:17:42","modified_gmt":"2023-07-10T15:17:42","slug":"programas-e-acoes","status":"publish","type":"page","link":"http:\/\/www.idene.mg.gov.br\/site\/programas-e-acoes\/","title":{"rendered":"Programas e A\u00e7\u00f5es"},"content":{"rendered":"<p>Nesta se\u00e7\u00e3o s\u00e3o disponibilizadas as informa\u00e7\u00f5es dos programas e a\u00e7\u00f5es vigentes no Instituto de Desenvolvimento do Norte e Nordeste de Minas Gerais (Idene) no ano de 2020, bem como os instrumentos de planejamento e or\u00e7amento do Governo do Estado de Minas Gerais: PPAG, LDO e LOA.<\/p>\n<p><strong>Plano Plurianual de A\u00e7\u00e3o Governamental (PPAG)<\/strong> \u00e9 o instrumento orientador do planejamento da administra\u00e7\u00e3o p\u00fablica de m\u00e9dio prazo. Define qual ser\u00e1 o escopo de atua\u00e7\u00e3o do Estado para um per\u00edodo de quatro anos, refletido nos programas e a\u00e7\u00f5es de governo, com suas respectivas metas f\u00edsicas e or\u00e7ament\u00e1rias, que ser\u00e3o executadas durante esse per\u00edodo.<\/p>\n<p>Acesse o <a href=\"https:\/\/www.transparencia.mg.gov.br\/\" target=\"_blank\" rel=\"noopener\">PPAG<\/a> na \u00edntegra e os documentos relacionados.<\/p>\n<p><strong>Lei de Diretrizes Or\u00e7ament\u00e1rias (LDO)<\/strong> estabelece quais programas e a\u00e7\u00f5es do PPAG ter\u00e3o prioridade, bem como as regras para a elabora\u00e7\u00e3o do or\u00e7amento e as metas fiscais (proje\u00e7\u00e3o das receitas e despesas totais) para os pr\u00f3ximos tr\u00eas anos.<\/p>\n<p>Acesse a <a href=\"https:\/\/www.transparencia.mg.gov.br\/\" target=\"_blank\" rel=\"noopener\">LDO<\/a> na \u00edntegra e os documentos a ela relacionados.<\/p>\n<p><strong>Lei Or\u00e7ament\u00e1ria Anual (LOA)<\/strong> detalha os valores (receitas e despesas) definidos para o conjunto de programas e a\u00e7\u00f5es do PPAG. Especifica os recursos que ir\u00e3o financiar cada a\u00e7\u00e3o e as respectivas despesas.<\/p>\n<p>Acesse a <a href=\"https:\/\/www.mg.gov.br\/planejamento\/pagina\/planejamento-e-orcamento\/lei-de-diretrizes-orcamentarias-ldo\/lei-de-diretrizes-orcamentarias\" target=\"_blank\" rel=\"noopener\">LOA<\/a> na \u00edntegra e documentos a ela relacionados.<\/p>\n","protected":false},"excerpt":{"rendered":"<p>Nesta se&ccedil;&atilde;o s&atilde;o disponibilizadas as informa&ccedil;&otilde;es dos programas e a&ccedil;&otilde;es vigentes no Instituto de Desenvolvimento do Norte e Nordeste de Minas Gerais (Idene) no ano de 2020, bem como os instrumentos de planejamento e or&ccedil;amento do Governo do Estado de Minas Gerais: PPAG, LDO e LOA. Plano Plurianual de A&ccedil;&atilde;o Governamental (PPAG) &eacute; o instrumento [&hellip;]<\/p>\n","protected":false},"author":1,"featured_media":0,"parent":0,"menu_order":0,"comment_status":"closed","ping_status":"closed","template":"","meta":{"kia_subtitle":"","_FSMCFIC_featured_image_caption":"","_FSMCFIC_featured_image_nocaption":"","_FSMCFIC_featured_image_hide":""},"_links":{"self":[{"href":"http:\/\/www.idene.mg.gov.br\/site\/wp-json\/wp\/v2\/pages\/40"}],"collection":[{"href":"http:\/\/www.idene.mg.gov.br\/site\/wp-json\/wp\/v2\/pages"}],"about":[{"href":"http:\/\/www.idene.mg.gov.br\/site\/wp-json\/wp\/v2\/types\/page"}],"author":[{"embeddable":true,"href":"http:\/\/www.idene.mg.gov.br\/site\/wp-json\/wp\/v2\/users\/1"}],"replies":[{"embeddable":true,"href":"http:\/\/www.idene.mg.gov.br\/site\/wp-json\/wp\/v2\/comments?post=40"}],"version-history":[{"count":2,"href":"http:\/\/www.idene.mg.gov.br\/site\/wp-json\/wp\/v2\/pages\/40\/revisions"}],"predecessor-version":[{"id":4990,"href":"http:\/\/www.idene.mg.gov.br\/site\/wp-json\/wp\/v2\/pages\/40\/revisions\/4990"}],"wp:attachment":[{"href":"http:\/\/www.idene.mg.gov.br\/site\/wp-json\/wp\/v2\/media?parent=40"}],"curies":[{"name":"wp","href":"https:\/\/api.w.org\/{rel}","templated":true}]}}