{"id":6016,"date":"2025-11-11T16:24:10","date_gmt":"2025-11-11T19:24:10","guid":{"rendered":"http:\/\/www.idene.mg.gov.br\/site\/?page_id=6016"},"modified":"2026-04-27T10:53:38","modified_gmt":"2026-04-27T13:53:38","slug":"prestacao-de-contas","status":"publish","type":"page","link":"http:\/\/www.idene.mg.gov.br\/site\/prestacao-de-contas\/","title":{"rendered":"Presta\u00e7\u00e3o de Contas"},"content":{"rendered":"<p>Relat\u00f3rios de Contas Anuais do IDENE<\/p>\n<p>Disponibilizamos, abaixo, os documentos que comp\u00f5em a Presta\u00e7\u00e3o de Contas Anual referente \u00e0 gest\u00e3o do exerc\u00edcio financeiro de 2025 do Instituto de Desenvolvimento do Norte e Nordeste de Minas Gerais.<\/p>\n<p>A divulga\u00e7\u00e3o ocorre em atendimento \u00e0 <strong>Lei n\u00ba 12.527\/2011 (Lei de Acesso \u00e0 Informa\u00e7\u00e3o)<\/strong>\u00a0e \u00e0 <strong>Decis\u00e3o Normativa n\u00ba 01\/2026 \u2013 TCEMG<\/strong>, que disp\u00f5e sobre a forma, o conte\u00fado e o prazo de envio das Presta\u00e7\u00f5es de Contas Anuais.<\/p>\n<p>Em conformidade com as diretrizes de <strong>promo\u00e7\u00e3o da transpar\u00eancia p\u00fablica<\/strong>, o Instituto de Desenvolvimento do Norte e Nordeste de Minas Gerais torna p\u00fablicos os relat\u00f3rios e demais documentos que integram as Contas Anuais do \u00f3rg\u00e3o, assegurando o acesso \u00e0s informa\u00e7\u00f5es de interesse coletivo e \u00e0 fiscaliza\u00e7\u00e3o da gest\u00e3o p\u00fablica.<\/p>\n<p>&nbsp;<\/p>\n<table width=\"383\">\n<tbody>\n<tr>\n<td style=\"background-color: #eb7575; width: 383px;\" width=\"383\"><strong style=\"color: #ffffff;\">Presta\u00e7\u00e3o de contas Anuais \u2013 2025 &#8211; IDENE &#8211; UO 2421<\/strong><\/td>\n<\/tr>\n<tr>\n<td width=\"383\"><a href=\"http:\/\/www.idene.mg.gov.br\/site\/wp-content\/uploads\/2026\/04\/Relatorio-de-Gestao-2025-C.pdf\" target=\"_blank\" rel=\"noopener\">Relat\u00f3rio de gest\u00e3o<\/a><\/td>\n<\/tr>\n<tr>\n<td width=\"383\"><a href=\"http:\/\/www.idene.mg.gov.br\/site\/wp-content\/uploads\/2026\/04\/Balanco-Orcamentario-2025-C.pdf\" target=\"_blank\" rel=\"noopener\">Balan\u00e7o Or\u00e7ament\u00e1rio<\/a><\/td>\n<\/tr>\n<tr>\n<td width=\"383\"><a href=\"http:\/\/www.idene.mg.gov.br\/site\/wp-content\/uploads\/2026\/04\/Balanco-Financeiro-2025-C.pdf\" target=\"_blank\" rel=\"noopener\">Balan\u00e7o Financeiro<\/a><\/td>\n<\/tr>\n<tr>\n<td width=\"383\"><a href=\"http:\/\/www.idene.mg.gov.br\/site\/wp-content\/uploads\/2026\/04\/Balanco-Patrimonial-2025-C.pdf\" target=\"_blank\" rel=\"noopener\">Balan\u00e7o Patrimonial<\/a><\/td>\n<\/tr>\n<tr>\n<td width=\"383\"><a href=\"http:\/\/www.idene.mg.gov.br\/site\/wp-content\/uploads\/2026\/04\/Nota-Explicativa-2025-C.pdf\" target=\"_blank\" rel=\"noopener\">Notas Explicativas \u00e1s Demonstra\u00e7\u00f5es Cont\u00e1beis<\/a><\/td>\n<\/tr>\n<tr>\n<td width=\"383\"><a href=\"http:\/\/www.idene.mg.gov.br\/site\/wp-content\/uploads\/2026\/04\/Demonstracao-dos-Fluxos-de-Caixa-2025-C.pdf\" target=\"_blank\" rel=\"noopener\">Demonstrativo dos fluxos de caixa<\/a><\/td>\n<\/tr>\n<tr>\n<td width=\"383\"><a href=\"http:\/\/www.idene.mg.gov.br\/site\/wp-content\/uploads\/2026\/04\/Demonstracoes-das-Variacoes-Patrimonial-2025-C.pdf\" target=\"_blank\" rel=\"noopener\">Demonstrativo das Varia\u00e7\u00f5es Patrimoniais<\/a><\/td>\n<\/tr>\n<tr>\n<td width=\"383\"><a href=\"http:\/\/www.idene.mg.gov.br\/site\/wp-content\/uploads\/2025\/11\/Demonstrativo-de-Restos-a-Pagar_12-11-2025.pdf\" target=\"_blank\" rel=\"noopener\">Demonstrativo de resto a pagar<\/a><\/td>\n<\/tr>\n<\/tbody>\n<\/table>\n<p>&nbsp;<\/p>\n<hr \/>\n<p>&nbsp;<\/p>\n<p>Relat\u00f3rios de Contas Anuais do IDENE<\/p>\n<p>Disponibilizamos, abaixo, os documentos que comp\u00f5em a Presta\u00e7\u00e3o de Contas Anual referente \u00e0 gest\u00e3o do exerc\u00edcio financeiro de 2024 do Instituto de Desenvolvimento do Norte e Nordeste de Minas Gerais.<\/p>\n<p>A divulga\u00e7\u00e3o ocorre em atendimento \u00e0 <strong>Lei n\u00ba 12.527\/2011 (Lei de Acesso \u00e0 Informa\u00e7\u00e3o)<\/strong>\u00a0e \u00e0 <strong>Decis\u00e3o Normativa n\u00ba 01\/2025 \u2013 TCEMG<\/strong>, que disp\u00f5e sobre a forma, o conte\u00fado e o prazo de envio das Presta\u00e7\u00f5es de Contas Anuais.<\/p>\n<p>Em conformidade com as diretrizes de <strong>promo\u00e7\u00e3o da transpar\u00eancia p\u00fablica<\/strong>, o Instituto de Desenvolvimento do Norte e Nordeste de Minas Gerais torna p\u00fablicos os relat\u00f3rios e demais documentos que integram as Contas Anuais do \u00f3rg\u00e3o, assegurando o acesso \u00e0s informa\u00e7\u00f5es de interesse coletivo e \u00e0 fiscaliza\u00e7\u00e3o da gest\u00e3o p\u00fablica.<\/p>\n<p>&nbsp;<\/p>\n<table width=\"383\">\n<tbody>\n<tr>\n<td style=\"background-color: #eb7575; width: 383px;\" width=\"383\"><strong style=\"color: #ffffff;\">Presta\u00e7\u00e3o de contas Anuais \u2013 2024 &#8211; IDENE &#8211; UO 2421<\/strong><\/td>\n<\/tr>\n<tr>\n<td width=\"383\"><a href=\"http:\/\/www.idene.mg.gov.br\/site\/wp-content\/uploads\/2025\/11\/Relatorio-de-Gestao.pdf\" target=\"_blank\" rel=\"noopener\">Relat\u00f3rio de gest\u00e3o<\/a><\/td>\n<\/tr>\n<tr>\n<td width=\"383\"><a href=\"http:\/\/www.idene.mg.gov.br\/site\/wp-content\/uploads\/2025\/11\/Balanco-Orcamentario.pdf\" target=\"_blank\" rel=\"noopener\">Balan\u00e7o Or\u00e7ament\u00e1rio<\/a><\/td>\n<\/tr>\n<tr>\n<td width=\"383\"><a href=\"http:\/\/www.idene.mg.gov.br\/site\/wp-content\/uploads\/2025\/11\/Balanco-Financeiro.pdf\" target=\"_blank\" rel=\"noopener\">Balan\u00e7o Financeiro<\/a><\/td>\n<\/tr>\n<tr>\n<td width=\"383\"><a href=\"http:\/\/www.idene.mg.gov.br\/site\/wp-content\/uploads\/2025\/11\/Balanco-Patrimonial.pdf\" target=\"_blank\" rel=\"noopener\">Balan\u00e7o Patrimonial<\/a><\/td>\n<\/tr>\n<tr>\n<td width=\"383\"><a href=\"http:\/\/www.idene.mg.gov.br\/site\/wp-content\/uploads\/2025\/11\/Nota-Explicativa-da-Prestacao-de-Contas-Anual_12-11-2025.pdf\" target=\"_blank\" rel=\"noopener\">Notas Explicativas \u00e1s Demonstra\u00e7\u00f5es Cont\u00e1beis<\/a><\/td>\n<\/tr>\n<tr>\n<td width=\"383\"><a href=\"http:\/\/www.idene.mg.gov.br\/site\/wp-content\/uploads\/2025\/11\/Demonstrativo-dos-Fluxos-de-Caixa.pdf\" target=\"_blank\" rel=\"noopener\">Demonstrativo dos fluxos de caixa<\/a><\/td>\n<\/tr>\n<tr>\n<td width=\"383\"><a href=\"http:\/\/www.idene.mg.gov.br\/site\/wp-content\/uploads\/2025\/11\/Demonstrativo-das-Variacoes-Patrimoniais.pdf\" target=\"_blank\" rel=\"noopener\">Demonstrativo das Varia\u00e7\u00f5es Patrimoniais<\/a><\/td>\n<\/tr>\n<tr>\n<td width=\"383\"><a href=\"http:\/\/www.idene.mg.gov.br\/site\/wp-content\/uploads\/2025\/11\/Demonstrativo-de-Restos-a-Pagar_12-11-2025.pdf\" target=\"_blank\" rel=\"noopener\">Demonstrativo de resto a pagar<\/a><\/td>\n<\/tr>\n<\/tbody>\n<\/table>\n","protected":false},"excerpt":{"rendered":"<p>Relat&oacute;rios de Contas Anuais do IDENE Disponibilizamos, abaixo, os documentos que comp&otilde;em a Presta&ccedil;&atilde;o de Contas Anual referente &agrave; gest&atilde;o do exerc&iacute;cio financeiro de 2025 do Instituto de Desenvolvimento do Norte e Nordeste de Minas Gerais. A divulga&ccedil;&atilde;o ocorre em atendimento &agrave; Lei n&ordm; 12.527\/2011 (Lei de Acesso &agrave; Informa&ccedil;&atilde;o)&nbsp;e &agrave; Decis&atilde;o Normativa n&ordm; 01\/2026 [&hellip;]<\/p>\n","protected":false},"author":1,"featured_media":0,"parent":0,"menu_order":0,"comment_status":"closed","ping_status":"closed","template":"","meta":{"kia_subtitle":"","_FSMCFIC_featured_image_caption":"","_FSMCFIC_featured_image_nocaption":"","_FSMCFIC_featured_image_hide":""},"_links":{"self":[{"href":"http:\/\/www.idene.mg.gov.br\/site\/wp-json\/wp\/v2\/pages\/6016"}],"collection":[{"href":"http:\/\/www.idene.mg.gov.br\/site\/wp-json\/wp\/v2\/pages"}],"about":[{"href":"http:\/\/www.idene.mg.gov.br\/site\/wp-json\/wp\/v2\/types\/page"}],"author":[{"embeddable":true,"href":"http:\/\/www.idene.mg.gov.br\/site\/wp-json\/wp\/v2\/users\/1"}],"replies":[{"embeddable":true,"href":"http:\/\/www.idene.mg.gov.br\/site\/wp-json\/wp\/v2\/comments?post=6016"}],"version-history":[{"count":9,"href":"http:\/\/www.idene.mg.gov.br\/site\/wp-json\/wp\/v2\/pages\/6016\/revisions"}],"predecessor-version":[{"id":6239,"href":"http:\/\/www.idene.mg.gov.br\/site\/wp-json\/wp\/v2\/pages\/6016\/revisions\/6239"}],"wp:attachment":[{"href":"http:\/\/www.idene.mg.gov.br\/site\/wp-json\/wp\/v2\/media?parent=6016"}],"curies":[{"name":"wp","href":"https:\/\/api.w.org\/{rel}","templated":true}]}}

Prestação de Contas

<p>Relatórios de Contas Anuais do IDENE</p>
<p>Disponibilizamos, abaixo, os documentos que compõem a Prestação de Contas Anual referente à gestão do exercício financeiro de 2025 do Instituto de Desenvolvimento do Norte e Nordeste de Minas Gerais.</p>
<p>A divulgação ocorre em atendimento à <strong>Lei nº 12.527/2011 (Lei de Acesso à Informação)</strong> e à <strong>Decisão Normativa nº 01/2026 – TCEMG</strong>, que dispõe sobre a forma, o conteúdo e o prazo de envio das Prestações de Contas Anuais.</p>
<p>Em conformidade com as diretrizes de <strong>promoção da transparência pública</strong>, o Instituto de Desenvolvimento do Norte e Nordeste de Minas Gerais torna públicos os relatórios e demais documentos que integram as Contas Anuais do órgão, assegurando o acesso às informações de interesse coletivo e à fiscalização da gestão pública.</p>
<p>&nbsp;</p>
<table width="383">
<tbody>
<tr>
<td style="background-color: #eb7575; width: 383px;" width="383"><strong style="color: #ffffff;">Prestação de contas Anuais – 2025 &#8211; IDENE &#8211; UO 2421</strong></td>
</tr>
<tr>
<td width="383"><a href="http://www.idene.mg.gov.br/site/wp-content/uploads/2026/04/Relatorio-de-Gestao-2025-C.pdf" target="_blank" rel="noopener">Relatório de gestão</a></td>
</tr>
<tr>
<td width="383"><a href="http://www.idene.mg.gov.br/site/wp-content/uploads/2026/04/Balanco-Orcamentario-2025-C.pdf" target="_blank" rel="noopener">Balanço Orçamentário</a></td>
</tr>
<tr>
<td width="383"><a href="http://www.idene.mg.gov.br/site/wp-content/uploads/2026/04/Balanco-Financeiro-2025-C.pdf" target="_blank" rel="noopener">Balanço Financeiro</a></td>
</tr>
<tr>
<td width="383"><a href="http://www.idene.mg.gov.br/site/wp-content/uploads/2026/04/Balanco-Patrimonial-2025-C.pdf" target="_blank" rel="noopener">Balanço Patrimonial</a></td>
</tr>
<tr>
<td width="383"><a href="http://www.idene.mg.gov.br/site/wp-content/uploads/2026/04/Nota-Explicativa-2025-C.pdf" target="_blank" rel="noopener">Notas Explicativas ás Demonstrações Contábeis</a></td>
</tr>
<tr>
<td width="383"><a href="http://www.idene.mg.gov.br/site/wp-content/uploads/2026/04/Demonstracao-dos-Fluxos-de-Caixa-2025-C.pdf" target="_blank" rel="noopener">Demonstrativo dos fluxos de caixa</a></td>
</tr>
<tr>
<td width="383"><a href="http://www.idene.mg.gov.br/site/wp-content/uploads/2026/04/Demonstracoes-das-Variacoes-Patrimonial-2025-C.pdf" target="_blank" rel="noopener">Demonstrativo das Variações Patrimoniais</a></td>
</tr>
<tr>
<td width="383"><a href="http://www.idene.mg.gov.br/site/wp-content/uploads/2025/11/Demonstrativo-de-Restos-a-Pagar_12-11-2025.pdf" target="_blank" rel="noopener">Demonstrativo de resto a pagar</a></td>
</tr>
</tbody>
</table>
<p>&nbsp;</p>
<hr />
<p>&nbsp;</p>
<p>Relatórios de Contas Anuais do IDENE</p>
<p>Disponibilizamos, abaixo, os documentos que compõem a Prestação de Contas Anual referente à gestão do exercício financeiro de 2024 do Instituto de Desenvolvimento do Norte e Nordeste de Minas Gerais.</p>
<p>A divulgação ocorre em atendimento à <strong>Lei nº 12.527/2011 (Lei de Acesso à Informação)</strong> e à <strong>Decisão Normativa nº 01/2025 – TCEMG</strong>, que dispõe sobre a forma, o conteúdo e o prazo de envio das Prestações de Contas Anuais.</p>
<p>Em conformidade com as diretrizes de <strong>promoção da transparência pública</strong>, o Instituto de Desenvolvimento do Norte e Nordeste de Minas Gerais torna públicos os relatórios e demais documentos que integram as Contas Anuais do órgão, assegurando o acesso às informações de interesse coletivo e à fiscalização da gestão pública.</p>
<p>&nbsp;</p>
<table width="383">
<tbody>
<tr>
<td style="background-color: #eb7575; width: 383px;" width="383"><strong style="color: #ffffff;">Prestação de contas Anuais – 2024 &#8211; IDENE &#8211; UO 2421</strong></td>
</tr>
<tr>
<td width="383"><a href="http://www.idene.mg.gov.br/site/wp-content/uploads/2025/11/Relatorio-de-Gestao.pdf" target="_blank" rel="noopener">Relatório de gestão</a></td>
</tr>
<tr>
<td width="383"><a href="http://www.idene.mg.gov.br/site/wp-content/uploads/2025/11/Balanco-Orcamentario.pdf" target="_blank" rel="noopener">Balanço Orçamentário</a></td>
</tr>
<tr>
<td width="383"><a href="http://www.idene.mg.gov.br/site/wp-content/uploads/2025/11/Balanco-Financeiro.pdf" target="_blank" rel="noopener">Balanço Financeiro</a></td>
</tr>
<tr>
<td width="383"><a href="http://www.idene.mg.gov.br/site/wp-content/uploads/2025/11/Balanco-Patrimonial.pdf" target="_blank" rel="noopener">Balanço Patrimonial</a></td>
</tr>
<tr>
<td width="383"><a href="http://www.idene.mg.gov.br/site/wp-content/uploads/2025/11/Nota-Explicativa-da-Prestacao-de-Contas-Anual_12-11-2025.pdf" target="_blank" rel="noopener">Notas Explicativas ás Demonstrações Contábeis</a></td>
</tr>
<tr>
<td width="383"><a href="http://www.idene.mg.gov.br/site/wp-content/uploads/2025/11/Demonstrativo-dos-Fluxos-de-Caixa.pdf" target="_blank" rel="noopener">Demonstrativo dos fluxos de caixa</a></td>
</tr>
<tr>
<td width="383"><a href="http://www.idene.mg.gov.br/site/wp-content/uploads/2025/11/Demonstrativo-das-Variacoes-Patrimoniais.pdf" target="_blank" rel="noopener">Demonstrativo das Variações Patrimoniais</a></td>
</tr>
<tr>
<td width="383"><a href="http://www.idene.mg.gov.br/site/wp-content/uploads/2025/11/Demonstrativo-de-Restos-a-Pagar_12-11-2025.pdf" target="_blank" rel="noopener">Demonstrativo de resto a pagar</a></td>
</tr>
</tbody>
</table>
