{"id":71,"date":"2017-08-01T18:04:08","date_gmt":"2017-08-01T18:04:08","guid":{"rendered":"http:\/\/www.idene.mg.gov.br\/site\/convenios-de-entrada\/"},"modified":"2026-01-30T16:46:30","modified_gmt":"2026-01-30T19:46:30","slug":"convenios-de-entrada","status":"publish","type":"page","link":"http:\/\/www.idene.mg.gov.br\/site\/convenios-de-entrada\/","title":{"rendered":"Conv\u00eanios de Entrada"},"content":{"rendered":"<p>Nesta se\u00e7\u00e3o s\u00e3o disponibilizadas informa\u00e7\u00f5es referentes a transfer\u00eancia de recursos p\u00fablicos para os \u00f3rg\u00e3o e entidades do Estado de Minas Gerais por meio de conv\u00eanios de entrada.<\/p>\n<p>Conv\u00eanios de entrada consistem em instrumentos de natureza financeira (conv\u00eanios, portarias, contratos e qualquer outro ajuste) em que h\u00e1 transfer\u00eancia de recursos para o Estado para realiza\u00e7\u00e3o de obras e\/ou servi\u00e7os de interesse comum.<\/p>\n<p>Acesse os<a href=\"https:\/\/www.transparencia.mg.gov.br\/convenios\/convenios-de-entrada\" target=\"_blank\" rel=\"noopener\"> Conv\u00eanios de Entrada<\/a> no Portal da Transpar\u00eancia, inclu\u00eddos os do Idene.<\/p>\n","protected":false},"excerpt":{"rendered":"<p>Nesta se&ccedil;&atilde;o s&atilde;o disponibilizadas informa&ccedil;&otilde;es referentes a transfer&ecirc;ncia de recursos p&uacute;blicos para os &oacute;rg&atilde;o e entidades do Estado de Minas Gerais por meio de conv&ecirc;nios de entrada. Conv&ecirc;nios de entrada consistem em instrumentos de natureza financeira (conv&ecirc;nios, portarias, contratos e qualquer outro ajuste) em que h&aacute; transfer&ecirc;ncia de recursos para o Estado para realiza&ccedil;&atilde;o de [&hellip;]<\/p>\n","protected":false},"author":1,"featured_media":0,"parent":0,"menu_order":0,"comment_status":"closed","ping_status":"closed","template":"","meta":{"kia_subtitle":"","_FSMCFIC_featured_image_caption":"","_FSMCFIC_featured_image_nocaption":"","_FSMCFIC_featured_image_hide":""},"_links":{"self":[{"href":"http:\/\/www.idene.mg.gov.br\/site\/wp-json\/wp\/v2\/pages\/71"}],"collection":[{"href":"http:\/\/www.idene.mg.gov.br\/site\/wp-json\/wp\/v2\/pages"}],"about":[{"href":"http:\/\/www.idene.mg.gov.br\/site\/wp-json\/wp\/v2\/types\/page"}],"author":[{"embeddable":true,"href":"http:\/\/www.idene.mg.gov.br\/site\/wp-json\/wp\/v2\/users\/1"}],"replies":[{"embeddable":true,"href":"http:\/\/www.idene.mg.gov.br\/site\/wp-json\/wp\/v2\/comments?post=71"}],"version-history":[{"count":2,"href":"http:\/\/www.idene.mg.gov.br\/site\/wp-json\/wp\/v2\/pages\/71\/revisions"}],"predecessor-version":[{"id":6117,"href":"http:\/\/www.idene.mg.gov.br\/site\/wp-json\/wp\/v2\/pages\/71\/revisions\/6117"}],"wp:attachment":[{"href":"http:\/\/www.idene.mg.gov.br\/site\/wp-json\/wp\/v2\/media?parent=71"}],"curies":[{"name":"wp","href":"https:\/\/api.w.org\/{rel}","templated":true}]}}