{"id":85,"date":"2015-09-03T14:44:19","date_gmt":"2015-09-03T14:44:19","guid":{"rendered":"http:\/\/www.idene.mg.gov.br\/site\/quem-e-quem-idene\/"},"modified":"2026-03-13T14:43:19","modified_gmt":"2026-03-13T17:43:19","slug":"quem-e-quem-idene","status":"publish","type":"page","link":"http:\/\/www.idene.mg.gov.br\/site\/quem-e-quem-idene\/","title":{"rendered":"Quem \u00e9 Quem &#8211; IDENE"},"content":{"rendered":"<p style=\"font-weight: 400;\"><strong>DIRETORIA-GERAL DO IDENE<\/strong><\/p>\n<p style=\"font-weight: 400;\">Diretor-geral: Henrique Oliveira Carvalho <!--Carlos Alexandre Gon\u00e7alves da Silva--><br \/>\nTel.: (31) 3915-5209<br \/>\nE-mail: <a href=\"mailto:gabinete@idene.mg.gov.br\">gabinete@idene.mg.gov.br<\/a><!--<a href=\"mailto:carlos.alexandre@idene.mg.gov.br\">carlos.alexandre@idene.mg.gov.br<\/a>--><\/p>\n<p style=\"font-weight: 400;\"><strong>CHEFIA DE GABINETE\u00a0<\/strong><\/p>\n<p style=\"font-weight: 400;\">Chefe de Gabinete: J\u00fanior C\u00e9sar Batista de Almeida<br \/>\nTel.: 3915-5220<br \/>\nE-mail: <a href=\"mailto:junior.almeida@idene.mg.gov.br\">junior.almeida@idene.mg.gov.br<\/a><!--<a href=\"mailto:gustavo.patricio@idene.mg.gov.br\">gustavo.patricio@idene.mg.gov.br<\/a>--><\/p>\n<p style=\"font-weight: 400;\"><strong>PROCURADORIA<\/strong><\/p>\n<p style=\"font-weight: 400;\">Procuradora: Val\u00e9ria Paiva<br \/>\nTel.: (31) 3915-5228<br \/>\nE-mail: <a href=\"mailto:valeria.paiva@idene.mg.gov.br\">valeria.paiva@idene.mg.gov.br<\/a><a href=\"mailto:fabiola.monteiro@idene.mg.gov.br\"><br \/>\n<\/a><\/p>\n<p style=\"font-weight: 400;\"><strong>ASSESSORIA DE COMUNICA\u00c7\u00c3O<\/strong><\/p>\n<p style=\"font-weight: 400;\">Assessor: Van\u00fasia Duarte Cintra<br \/>\nTel.:\u00a0(31) 3915-5232<br \/>\nE-mail:\u00a0<a href=\"mailto:vanusia.cintra@idene.mg.gov.br\">vanusia.cintra@idene.mg.gov.br<\/a><\/p>\n<p style=\"font-weight: 400;\"><strong>CONTROLADORIA SECCIONAL<\/strong><\/p>\n<p style=\"font-weight: 400;\">Controlador Seccional: Thiago da Silva Leite Leal<br \/>\nTel.: (31) 3915 -5168<br \/>\nE-mail:\u00a0<a href=\"mailto:thiago.leal@idene.mg.gov.br\">thiago.leal@idene.mg.gov.br<\/a><\/p>\n<p style=\"font-weight: 400;\"><strong>DIRETORIA DE PLANEJAMENTO, GEST\u00c3O E FINAN\u00c7AS<\/strong><\/p>\n<p style=\"font-weight: 400;\">Diretora: Ludmila Scorsulini Peres<br \/>\nTel.: (31) 3915-5160<br \/>\nE-mail:\u00a0<a href=\"mailto:ludmila.peres@idene.mg.gov.br\">ludmila.peres@idene.mg.gov.br<\/a><\/p>\n<p style=\"font-weight: 400;\"><strong>DIRETORIA T\u00c9CNICA<\/strong><\/p>\n<p style=\"font-weight: 400;\">Diretora: Virg\u00ednia Brito de Carvalho<br \/>\nTel.: (31) 3915-5234<br \/>\nE-mail:\u00a0<a href=\"mailto:virginia.carvalho@idene.mg.gov.br\">virginia.carvalho@idene.mg.gov.br<\/a><\/p>\n<p style=\"font-weight: 400;\"><strong>DIRETORIA REGIONAL DO NORTE DE MINAS<\/strong><\/p>\n<p style=\"font-weight: 400;\">Diretor: Wendel Pereira de Souza<br \/>\nTel. (38) 99992-2166<br \/>\nE-mail:\u00a0<a href=\"mailto:wendel.souza@idene.mg.gov.br\">wendel.souza@idene.mg.gov.br<\/a><a href=\"mailto:marcia.versiani@idene.mg.gov.br\"><br \/>\n<\/a><\/p>\n<p style=\"font-weight: 400;\"><strong>COORDENA\u00c7\u00c3O REGIONAL DE MONTES CLAROS<\/strong><\/p>\n<p style=\"font-weight: 400;\">Thiago Cruz de P\u00e1dua\u00a0(Coordenador)<br \/>\nTel. (38)\u00a099920-6747<br \/>\nE-mail:\u00a0<a href=\"mailto:thiago.padua@idene.mg.gov.br\">thiago.padua@idene.mg.gov.br<\/a><\/p>\n<p style=\"font-weight: 400;\"><strong>COORDENA\u00c7\u00c3O REGIONAL DE JANU\u00c1RIA<\/strong><\/p>\n<p><span data-ogsc=\"black\" data-ogsb=\"white\" data-olk-copy-source=\"MessageBody\">Marconi Rodrigues Nascimento (Coordenador)<\/span><span data-ogsc=\"black\"><br \/>\n<\/span><span data-ogsc=\"black\" data-ogsb=\"white\">Tel. (38) 99999-8862<br \/>\nE-mail:\u00a0<\/span><span data-ogsc=\"blue\" data-ogsb=\"white\"><u data-ogsc=\"\"><a id=\"OWAc4e7ef3e-e414-026a-4a6a-a308f4c2f872\" title=\"mailto:marconi.nascimento@idene.mg.gov.br\" href=\"mailto:marconi.nascimento@idene.mg.gov.br\" data-linkindex=\"0\" data-ogsc=\"blue\">marconi.nascimento@idene.mg.gov.br<\/a><\/u><\/span><\/p>\n<p style=\"font-weight: 400;\"><strong>COORDENA\u00c7\u00c3O REGIONAL DE JANA\u00daBA<\/strong><\/p>\n<p><span data-olk-copy-source=\"MessageBody\">Alberto Rodrigues Muniz (Coordenador)<\/span><br \/>\n<span data-olk-copy-source=\"MessageBody\">Tel. (38) 99803-9659<br \/>\nE-mail: <a id=\"LPlnk913187\" title=\"mailto:alberto.muniz@idene.mg.gov.br\" href=\"mailto:alberto.muniz@idene.mg.gov.br\" data-linkindex=\"0\" data-ogsc=\"\">alberto.muniz@idene.mg.gov.br<\/a><br \/>\n<\/span><\/p>\n<p style=\"font-weight: 400;\"><strong>COORDENA\u00c7\u00c3O REGIONAL DE SALINAS<\/strong><\/p>\n<p style=\"font-weight: 400;\">Moacir Ferreira de Oliveira (Coordenador)<br \/>\nTel. (38) 99202-8551<br \/>\nE-mail: <a href=\"mailto:moacir.oliveira@idene.mg.gov.br\">moacir.oliveira@idene.mg.gov.br<\/a><\/p>\n<p style=\"font-weight: 400;\"><strong>COORDENA\u00c7\u00c3O REGIONAL DE DIAMANTINA<\/strong><\/p>\n<p style=\"font-weight: 400;\">Wander Baracho (Coordenador)<br \/>\nTel. (38) 98807-3680<br \/>\nE-mail:\u00a0<a href=\"mailto:wander.baracho@idene.mg.gov.br\">wander.baracho@idene.mg.gov.br<\/a><\/p>\n<p style=\"font-weight: 400;\"><strong>DIRETORIA REGIONAL PARA OS VALES<\/strong><\/p>\n<p style=\"font-weight: 400;\">Diretor: Marcos Lima<br \/>\nTel. (33) 98803-3177<br \/>\nE-mail:\u00a0<a href=\"mailto:marcos.lima@idene.mg.gov.br\">marcos.lima@idene.mg.gov.br<\/a><\/p>\n<p style=\"font-weight: 400;\"><strong>COORDENA\u00c7\u00c3O REGIONAL DE GOVERNADOR VALADARES<\/strong><\/p>\n<p style=\"font-weight: 400;\">Raphael Robert de Araujo Queiroz (Coordenador)<br \/>\nTel.:\u00a0(33) 98433-1519<br \/>\nE-mail:\u00a0<a href=\"mailto:raphael.queiroz@idene.mg.gov.br\">raphael.queiroz@idene.mg.gov.br<\/a><\/p>\n<p style=\"font-weight: 400;\"><strong>COORDENA\u00c7\u00c3O REGIONAL DE TE\u00d3FILO OTONI<\/strong><\/p>\n<p style=\"font-weight: 400;\"><span data-olk-copy-source=\"MessageBody\">Paulo Henrique Rodrigues Coimbra<\/span> (Coordenador)<br \/>\nTel.: (33) <span data-olk-copy-source=\"MessageBody\"> 98803-2222<\/span><br \/>\nE-mail: <span data-ogsc=\"rgb(9, 105, 218)\"><u data-ogsc=\"\"><a id=\"LPlnkOWA1dcbfafa-fc76-655d-0265-cb1aa3b565c4\" title=\"mailto:jairo.martins@idene.mg.gov.br\" href=\"mailto:paulo.coimbra@idene.mg.gov.br\" data-linkindex=\"0\" data-ogsc=\"rgb(9, 105, 218)\">paulo.coimbra@idene.mg.gov.br<\/a><\/u><\/span><\/p>\n<p style=\"font-weight: 400;\"><strong>COORDENA\u00c7\u00c3O REGIONAL DE ARA\u00c7UA\u00cd<\/strong><\/p>\n<p><span data-olk-copy-source=\"MessageBody\">Jos\u00e9 Versiani Franca Gusm\u00e3o<\/span><br \/>\nTel.: (33) 99152-4344<br \/>\nE-mail: <a id=\"LPlnk306018\" title=\"mailto:jose.gusmao@idene.mg.gov.br\" href=\"mailto:jose.gusmao@idene.mg.gov.br\" data-linkindex=\"0\" data-ogsc=\"\" data-olk-copy-source=\"MessageBody\">jose.gusmao@idene.mg.gov.br<\/a><\/p>\n<p style=\"font-weight: 400;\"><strong>COORDENA\u00c7\u00c3O REGIONAL DE JEQUITINHONHA<\/strong><\/p>\n<p style=\"font-weight: 400;\">Jo\u00e3o Batista dos Santos\u00a0(Coordenador)<br \/>\nTel.:\u00a0(33) 99909-3770<br \/>\nE-mail:\u00a0<a href=\"mailto:marcos.lima@idene.mg.gov.br\">joao.santos@idene.mg.gov.br<\/a><\/p>\n<p style=\"font-weight: 400;\"><strong>ENCARREGADO PELO TRATAMENTO DE DADOS PESSOAIS<\/strong><\/p>\n<p style=\"font-weight: 400;\">Valter Resende de Jesus<br \/>\nTel.: (31) 3915-5129<br \/>\nE-mail:\u00a0<a href=\"mailto:lgpd@idene.mg.gov.br\">lgpd@idene.mg.gov.br<\/a><\/p>\n<p style=\"font-weight: 400;\">\n","protected":false},"excerpt":{"rendered":"<p>DIRETORIA-GERAL DO IDENE Diretor-geral: Henrique Oliveira Carvalho Tel.: (31) 3915-5209 E-mail: gabinete@idene.mg.gov.br CHEFIA DE GABINETE&nbsp; Chefe de Gabinete: J&uacute;nior C&eacute;sar Batista de Almeida Tel.: 3915-5220 E-mail: junior.almeida@idene.mg.gov.br PROCURADORIA Procuradora: Val&eacute;ria Paiva Tel.: (31) 3915-5228 E-mail: valeria.paiva@idene.mg.gov.br ASSESSORIA DE COMUNICA&Ccedil;&Atilde;O Assessor: Van&uacute;sia Duarte Cintra Tel.:&nbsp;(31) 3915-5232 E-mail:&nbsp;vanusia.cintra@idene.mg.gov.br CONTROLADORIA SECCIONAL Controlador Seccional: Thiago da Silva Leite Leal [&hellip;]<\/p>\n","protected":false},"author":1,"featured_media":0,"parent":0,"menu_order":0,"comment_status":"closed","ping_status":"closed","template":"","meta":{"kia_subtitle":"","_FSMCFIC_featured_image_caption":"","_FSMCFIC_featured_image_nocaption":"","_FSMCFIC_featured_image_hide":""},"_links":{"self":[{"href":"http:\/\/www.idene.mg.gov.br\/site\/wp-json\/wp\/v2\/pages\/85"}],"collection":[{"href":"http:\/\/www.idene.mg.gov.br\/site\/wp-json\/wp\/v2\/pages"}],"about":[{"href":"http:\/\/www.idene.mg.gov.br\/site\/wp-json\/wp\/v2\/types\/page"}],"author":[{"embeddable":true,"href":"http:\/\/www.idene.mg.gov.br\/site\/wp-json\/wp\/v2\/users\/1"}],"replies":[{"embeddable":true,"href":"http:\/\/www.idene.mg.gov.br\/site\/wp-json\/wp\/v2\/comments?post=85"}],"version-history":[{"count":29,"href":"http:\/\/www.idene.mg.gov.br\/site\/wp-json\/wp\/v2\/pages\/85\/revisions"}],"predecessor-version":[{"id":6178,"href":"http:\/\/www.idene.mg.gov.br\/site\/wp-json\/wp\/v2\/pages\/85\/revisions\/6178"}],"wp:attachment":[{"href":"http:\/\/www.idene.mg.gov.br\/site\/wp-json\/wp\/v2\/media?parent=85"}],"curies":[{"name":"wp","href":"https:\/\/api.w.org\/{rel}","templated":true}]}}