{"id":99,"date":"2013-11-13T18:56:22","date_gmt":"2013-11-13T18:56:22","guid":{"rendered":"http:\/\/www.idene.mg.gov.br\/site\/conselhos-e-comites\/"},"modified":"2025-08-19T15:59:03","modified_gmt":"2025-08-19T18:59:03","slug":"conselhos-e-comites","status":"publish","type":"page","link":"http:\/\/www.idene.mg.gov.br\/site\/conselhos-e-comites\/","title":{"rendered":"Conselhos e Comit\u00eas"},"content":{"rendered":"<dl>\n<dt><b>Conselhos\u00a0<\/b><\/dt>\n<dt><\/dt>\n<\/dl>\n<h2><strong>Conselho de Administra\u00e7\u00e3o do IDENE<\/strong><\/h2>\n<p>O Conselho de Administra\u00e7\u00e3o do Idene \u00e9 previsto pelo art. 5\u00ba do Decreto n\u00ba 47.834, de 03\/01\/2020, que cont\u00e9m o Regulamento do Instituto de Desenvolvimento do Norte e Nordeste de Minas Gerais, e tem como miss\u00e3o zelar pelo cumprimento da finalidade institucional do Idene, de promover o desenvolvimento\u00a0 econ\u00f4mico e social das regi\u00f5es Norte e Nordeste do Estado de Minas Gerais, e pelo bom uso dos recursos p\u00fablicos empregados neste mister, conhecendo e praticando os valores e diretrizes da pol\u00edtica p\u00fablica desenvolvida. Cumpre ao Conselho estabelecer as orienta\u00e7\u00f5es gerais de atua\u00e7\u00e3o do \u00f3rg\u00e3o nas pol\u00edticas p\u00fablicas entregues \u00e0 sociedade e decidir sobre quest\u00f5es estrat\u00e9gicas, respeitando as compet\u00eancias e atribui\u00e7\u00f5es definidas em lei.<\/p>\n<p>A composi\u00e7\u00e3o do Conselho \u00e9 definida nesse mesmo decreto, com prazo de gest\u00e3o de dois (02) anos, admitindo-se a recondu\u00e7\u00e3o. Atualmente o Conselho possui a seguinte composi\u00e7\u00e3o:<\/p>\n<p>I.\u00a0 \u00a0 \u00a0 \u00a0 \u00a0 \u00a0 \u00a0 \u00a0 \u00a0 \u00a0 \u00a0A Secret\u00e1ria de Estado de Planejamento e Gest\u00e3o, que \u00e9 a sua Presidenta:<\/p>\n<p>a.\u00a0 \u00a0 \u00a0 <span data-olk-copy-source=\"MessageBody\">Silvia Caroline Listgarten Dias; Suplente: Rodrigo Ferreira Matias<\/span><\/p>\n<p>II.\u00a0\u00a0\u00a0\u00a0\u00a0\u00a0\u00a0\u00a0\u00a0\u00a0\u00a0\u00a0\u00a0\u00a0\u00a0\u00a0\u00a0\u00a0 O Diretor-Geral do IDENE, que \u00e9 o Secret\u00e1rio Executivo:<\/p>\n<p>a.\u00a0 \u00a0 \u00a0 Henrique Oliveira Carvalho.<\/p>\n<p>III.\u00a0\u00a0\u00a0\u00a0\u00a0\u00a0\u00a0\u00a0\u00a0\u00a0\u00a0\u00a0\u00a0\u00a0\u00a0\u00a0 Um representante da Universidade Estadual de Montes Claros \u2013\u00a0 Unimontes:<\/p>\n<p>a.\u00a0 \u00a0 \u00a0 <span data-olk-copy-source=\"MessageBody\">Titular: M\u00f4nica Nascimento e Feitosa ; Suplente: Luciana Silva Melo<\/span><\/p>\n<p><span data-olk-copy-source=\"MessageBody\">IV.\u00a0Tr\u00eas representantes indicados pelas Associa\u00e7\u00f5es Microrregionais de Munic\u00edpios da \u00e1rea de atua\u00e7\u00e3o da autarquia:<\/span><\/p>\n<p>a.\u00a0 \u00a0 \u00a0Pela ARDOCE \u2013 Titular: Raimundo Francisco Penaforte; Suplente: Rafael Augusto Fran\u00e7a Oliveira Machado<\/p>\n<p>b.\u00a0 \u00a0 \u00a0Pela AMAMS \u2013\u00a0 Titular: Ronaldo Soares Mota Dias; Suplente: Diogo Ant\u00f4nio Braga Fagundes;<\/p>\n<p>c.\u00a0 \u00a0 \u00a0 Pela AMEJE \u2013\u00a0 Titular: Tadeu Barbosa de Oliveira; Suplente: Fabiano Fernandes Silva Ribeiro.<\/p>\n<p>V.\u00a0\u00a0\u00a0\u00a0\u00a0\u00a0\u00a0\u00a0\u00a0\u00a0\u00a0\u00a0\u00a0\u00a0\u00a0\u00a0\u00a0 Um representante de entidade de classe empresarial do Estado:<\/p>\n<p>a.\u00a0 \u00a0 \u00a0 \u00a0 Pela FIEMG &#8211; Titular: Leonardo Lima Vasconcelos; Suplente: Adauto Marques Batista.<\/p>\n<p>VI.\u00a0\u00a0\u00a0\u00a0\u00a0\u00a0\u00a0\u00a0\u00a0\u00a0\u00a0\u00a0\u00a0\u00a0\u00a0 Um representante dos servidores da autarquia:<\/p>\n<p>a.\u00a0 \u00a0 \u00a0 <span data-olk-copy-source=\"MessageBody\">Titular: Thiago Marques Lopes ; Suplente: Cesar Augusto Calin\u00e7ani Pereira<\/span><\/p>\n<p>&nbsp;<\/p>\n<p><strong><span class=\"wf_file_text\">O Regimento Interno do Conselho de Administra\u00e7\u00e3o do Idene pode ser acessado:\u00a0<\/span><\/strong><\/p>\n<h4><strong><span class=\"wf_file_text\">\u00a0<\/span><\/strong><\/h4>\n<h4><strong><span class=\"wf_file_text\">Regimento interno<\/span><\/strong><\/h4>\n<h4><iframe src=\"\/\/docs.google.com\/viewer?url=http%3A%2F%2Fwww.idene.mg.gov.br%2Fsite%2Fwp-content%2Fuploads%2F2024%2F12%2FRegimento_Interno_CA_IDENE.pdf&hl=pt_BR&embedded=true\" class=\"gde-frame\" style=\"width:100%; height:500px; border: none;\" scrolling=\"no\"><\/iframe>\n<p class=\"gde-text\"><a href=\"http:\/\/www.idene.mg.gov.br\/site\/wp-content\/uploads\/2024\/12\/Regimento_Interno_CA_IDENE.pdf\" class=\"gde-link\">Download (PDF, 180KB)<\/a><\/p><\/h4>\n<h4><strong><span class=\"wf_file_text\">Composi\u00e7\u00e3o do Conselho<\/span><\/strong><\/h4>\n<h4><iframe src=\"\/\/docs.google.com\/viewer?url=http%3A%2F%2Fwww.idene.mg.gov.br%2Fsite%2Fwp-content%2Fuploads%2F2024%2F12%2FMembros_do_Conselho_de_Administracao_do_Idene.pdf&hl=pt_BR&embedded=true\" class=\"gde-frame\" style=\"width:100%; height:500px; border: none;\" scrolling=\"no\"><\/iframe>\n<p class=\"gde-text\"><a href=\"http:\/\/www.idene.mg.gov.br\/site\/wp-content\/uploads\/2024\/12\/Membros_do_Conselho_de_Administracao_do_Idene.pdf\" class=\"gde-link\">Download (PDF, 110KB)<\/a><\/p><\/h4>\n<dl>\n<dt><strong><span class=\"wf_file_text\">\u00a0<\/span><\/strong><\/dt>\n<dt><strong><span class=\"wf_file_text\">\u00a0<\/span><\/strong><\/dt>\n<dt><\/dt>\n<\/dl>\n<h2><strong><span class=\"wf_file_text\">Comit\u00ea Interno de acompanhamento de entregas e teletrabalho do Idene<\/span><\/strong><\/h2>\n<h4><strong>Composi\u00e7\u00e3o do Comit\u00ea<\/strong><\/h4>\n<h4><iframe src=\"\/\/docs.google.com\/viewer?url=http%3A%2F%2Fwww.idene.mg.gov.br%2Fsite%2Fwp-content%2Fuploads%2F2024%2F12%2FComite_Interno_de_acompanhamento_de_entregas_e_teletrabalho_do_Idene.pdf&hl=pt_BR&embedded=true\" class=\"gde-frame\" style=\"width:100%; height:500px; border: none;\" scrolling=\"no\"><\/iframe>\n<p class=\"gde-text\"><a href=\"http:\/\/www.idene.mg.gov.br\/site\/wp-content\/uploads\/2024\/12\/Comite_Interno_de_acompanhamento_de_entregas_e_teletrabalho_do_Idene.pdf\" class=\"gde-link\">Download (PDF, 298KB)<\/a><\/p><\/h4>\n<p><strong>\u00a0<\/strong><\/p>\n<p>&nbsp;<\/p>\n<dl>\n<dt><\/dt>\n<dt><\/dt>\n<dt><\/dt>\n<dt><strong><span class=\"wf_file_text\">\u00a0<\/span><\/strong><\/dt>\n<dt><strong><span class=\"wf_file_text\">\u00a0<\/span><\/strong><\/dt>\n<dt><\/dt>\n<\/dl>\n<div><strong><a class=\"wf_file\" href=\"https:\/\/idene.mg.gov.br\/wp\/joomlaimagens\/images\/Conselho_de_Administra%C3%A7%C3%A3o_do_IDENE.pdf\"><span class=\"wf_file_text\">\u00a0<\/span><\/a><\/strong><\/div>\n","protected":false},"excerpt":{"rendered":"<p>Conselhos&nbsp; Conselho de Administra&ccedil;&atilde;o do IDENE O Conselho de Administra&ccedil;&atilde;o do Idene &eacute; previsto pelo art. 5&ordm; do Decreto n&ordm; 47.834, de 03\/01\/2020, que cont&eacute;m o Regulamento do Instituto de Desenvolvimento do Norte e Nordeste de Minas Gerais, e tem como miss&atilde;o zelar pelo cumprimento da finalidade institucional do Idene, de promover o desenvolvimento&nbsp; econ&ocirc;mico [&hellip;]<\/p>\n","protected":false},"author":1,"featured_media":0,"parent":0,"menu_order":0,"comment_status":"closed","ping_status":"closed","template":"","meta":{"kia_subtitle":"","_FSMCFIC_featured_image_caption":"","_FSMCFIC_featured_image_nocaption":"","_FSMCFIC_featured_image_hide":""},"_links":{"self":[{"href":"http:\/\/www.idene.mg.gov.br\/site\/wp-json\/wp\/v2\/pages\/99"}],"collection":[{"href":"http:\/\/www.idene.mg.gov.br\/site\/wp-json\/wp\/v2\/pages"}],"about":[{"href":"http:\/\/www.idene.mg.gov.br\/site\/wp-json\/wp\/v2\/types\/page"}],"author":[{"embeddable":true,"href":"http:\/\/www.idene.mg.gov.br\/site\/wp-json\/wp\/v2\/users\/1"}],"replies":[{"embeddable":true,"href":"http:\/\/www.idene.mg.gov.br\/site\/wp-json\/wp\/v2\/comments?post=99"}],"version-history":[{"count":12,"href":"http:\/\/www.idene.mg.gov.br\/site\/wp-json\/wp\/v2\/pages\/99\/revisions"}],"predecessor-version":[{"id":5902,"href":"http:\/\/www.idene.mg.gov.br\/site\/wp-json\/wp\/v2\/pages\/99\/revisions\/5902"}],"wp:attachment":[{"href":"http:\/\/www.idene.mg.gov.br\/site\/wp-json\/wp\/v2\/media?parent=99"}],"curies":[{"name":"wp","href":"https:\/\/api.w.org\/{rel}","templated":true}]}}

Conselhos e Comitês

<dl>
<dt><b>Conselhos </b></dt>
<dt></dt>
</dl>
<h2><strong>Conselho de Administração do IDENE</strong></h2>
<p>O Conselho de Administração do Idene é previsto pelo art. 5º do Decreto nº 47.834, de 03/01/2020, que contém o Regulamento do Instituto de Desenvolvimento do Norte e Nordeste de Minas Gerais, e tem como missão zelar pelo cumprimento da finalidade institucional do Idene, de promover o desenvolvimento  econômico e social das regiões Norte e Nordeste do Estado de Minas Gerais, e pelo bom uso dos recursos públicos empregados neste mister, conhecendo e praticando os valores e diretrizes da política pública desenvolvida. Cumpre ao Conselho estabelecer as orientações gerais de atuação do órgão nas políticas públicas entregues à sociedade e decidir sobre questões estratégicas, respeitando as competências e atribuições definidas em lei.</p>
<p>A composição do Conselho é definida nesse mesmo decreto, com prazo de gestão de dois (02) anos, admitindo-se a recondução. Atualmente o Conselho possui a seguinte composição:</p>
<p>I.                     A Secretária de Estado de Planejamento e Gestão, que é a sua Presidenta:</p>
<p>a.      <span data-olk-copy-source="MessageBody">Silvia Caroline Listgarten Dias; Suplente: Rodrigo Ferreira Matias</span></p>
<p>II.                   O Diretor-Geral do IDENE, que é o Secretário Executivo:</p>
<p>a.      Henrique Oliveira Carvalho.</p>
<p>III.                 Um representante da Universidade Estadual de Montes Claros –  Unimontes:</p>
<p>a.      <span data-olk-copy-source="MessageBody">Titular: Mônica Nascimento e Feitosa ; Suplente: Luciana Silva Melo</span></p>
<p><span data-olk-copy-source="MessageBody">IV. Três representantes indicados pelas Associações Microrregionais de Municípios da área de atuação da autarquia:</span></p>
<p>a.     Pela ARDOCE – Titular: Raimundo Francisco Penaforte; Suplente: Rafael Augusto França Oliveira Machado</p>
<p>b.     Pela AMAMS –  Titular: Ronaldo Soares Mota Dias; Suplente: Diogo Antônio Braga Fagundes;</p>
<p>c.      Pela AMEJE –  Titular: Tadeu Barbosa de Oliveira; Suplente: Fabiano Fernandes Silva Ribeiro.</p>
<p>V.                  Um representante de entidade de classe empresarial do Estado:</p>
<p>a.        Pela FIEMG &#8211; Titular: Leonardo Lima Vasconcelos; Suplente: Adauto Marques Batista.</p>
<p>VI.                Um representante dos servidores da autarquia:</p>
<p>a.      <span data-olk-copy-source="MessageBody">Titular: Thiago Marques Lopes ; Suplente: Cesar Augusto Calinçani Pereira</span></p>
<p>&nbsp;</p>
<p><strong><span class="wf_file_text">O Regimento Interno do Conselho de Administração do Idene pode ser acessado: </span></strong></p>
<h4><strong><span class="wf_file_text"> </span></strong></h4>
<h4><strong><span class="wf_file_text">Regimento interno</span></strong></h4>
<h4><iframe src="//docs.google.com/viewer?url=http%3A%2F%2Fwww.idene.mg.gov.br%2Fsite%2Fwp-content%2Fuploads%2F2024%2F12%2FRegimento_Interno_CA_IDENE.pdf&hl=pt_BR&embedded=true" class="gde-frame" style="width:100%; height:500px; border: none;" scrolling="no"></iframe>
<p class="gde-text"><a href="http://www.idene.mg.gov.br/site/wp-content/uploads/2024/12/Regimento_Interno_CA_IDENE.pdf" class="gde-link">Download (PDF, 180KB)</a></p></h4>
<h4><strong><span class="wf_file_text">Composição do Conselho</span></strong></h4>
<h4><iframe src="//docs.google.com/viewer?url=http%3A%2F%2Fwww.idene.mg.gov.br%2Fsite%2Fwp-content%2Fuploads%2F2024%2F12%2FMembros_do_Conselho_de_Administracao_do_Idene.pdf&hl=pt_BR&embedded=true" class="gde-frame" style="width:100%; height:500px; border: none;" scrolling="no"></iframe>
<p class="gde-text"><a href="http://www.idene.mg.gov.br/site/wp-content/uploads/2024/12/Membros_do_Conselho_de_Administracao_do_Idene.pdf" class="gde-link">Download (PDF, 110KB)</a></p></h4>
<dl>
<dt><strong><span class="wf_file_text"> </span></strong></dt>
<dt><strong><span class="wf_file_text"> </span></strong></dt>
<dt></dt>
</dl>
<h2><strong><span class="wf_file_text">Comitê Interno de acompanhamento de entregas e teletrabalho do Idene</span></strong></h2>
<h4><strong>Composição do Comitê</strong></h4>
<h4><iframe src="//docs.google.com/viewer?url=http%3A%2F%2Fwww.idene.mg.gov.br%2Fsite%2Fwp-content%2Fuploads%2F2024%2F12%2FComite_Interno_de_acompanhamento_de_entregas_e_teletrabalho_do_Idene.pdf&hl=pt_BR&embedded=true" class="gde-frame" style="width:100%; height:500px; border: none;" scrolling="no"></iframe>
<p class="gde-text"><a href="http://www.idene.mg.gov.br/site/wp-content/uploads/2024/12/Comite_Interno_de_acompanhamento_de_entregas_e_teletrabalho_do_Idene.pdf" class="gde-link">Download (PDF, 298KB)</a></p></h4>
<p><strong> </strong></p>
<p>&nbsp;</p>
<dl>
<dt></dt>
<dt></dt>
<dt></dt>
<dt><strong><span class="wf_file_text"> </span></strong></dt>
<dt><strong><span class="wf_file_text"> </span></strong></dt>
<dt></dt>
</dl>
<div><strong><a class="wf_file" href="https://idene.mg.gov.br/wp/joomlaimagens/images/Conselho_de_Administra%C3%A7%C3%A3o_do_IDENE.pdf"><span class="wf_file_text"> </span></a></strong></div>
